{"id":91,"date":"2026-03-19T16:06:33","date_gmt":"2026-03-19T16:06:33","guid":{"rendered":"https:\/\/zavodsoteria.si\/?page_id=91"},"modified":"2026-03-23T16:05:23","modified_gmt":"2026-03-23T16:05:23","slug":"solsko-novinarstvo","status":"publish","type":"page","link":"https:\/\/zavodsoteria.si\/index.php\/solsko-novinarstvo\/","title":{"rendered":"MLADI NOVINARJI SLOVENIJE"},"content":{"rendered":"\n<p>\u0160olsko novinarstvo je eden prvih prostorov, kjer mladi razvijajo sposobnost razmi\u0161ljanja, izra\u017eanja in odgovornega komuniciranja. Ne gre le za pisanje \u010dlankov, ustvarjanja avdio in video vsebin, temve\u010d za u\u010denje, kako prepoznati dejstva, oblikovati mnenje in razumeti svet okoli sebe.<\/p>\n\n\n\n<p>V \u010dasu hitrih informacij, dru\u017ebenih omre\u017eij in pogosto zavajajo\u010dih vsebin je prav \u0161olsko novinarstvo lahko varno okolje, kjer se mladi u\u010dijo osnov medijske pismenosti, etike in kriti\u010dnega razmi\u0161ljanja. Tu nastajajo prvi koraki bodo\u010dih novinarjev, pa tudi ozave\u0161\u010denih dr\u017eavljanov, ki znajo presojati informacije in prevzemati odgovornost za svoje besede.<\/p>\n\n\n\n<h2 class=\"wp-block-heading\">\u0160olsko novinarstvo zato ni le ob\u0161olska dejavnost, temve\u010d pomemben temelj demokrati\u010dne dru\u017ebe.<br><\/h2>\n\n\n\n<figure class=\"wp-block-table\"><table class=\"has-fixed-layout\"><tbody><tr><td>OSNOVNA \u0160OLA<\/td><td>OBLIKA MEDIJA<\/td><\/tr><tr><td><a href=\"https:\/\/zavodsoteria.si\/index.php\/testna-os-soteria\/\">Testna O\u0160 Soteria<\/a><\/td><td>\u0161olski \u010dasopis, video vsebina<\/td><\/tr><tr><td>Testna O\u0160 2<\/td><td>\u0161olski \u010dasopis<\/td><\/tr><\/tbody><\/table><\/figure>\n\n\n\n<hr class=\"wp-block-separator has-alpha-channel-opacity\"\/>\n\n\n\n<h2 class=\"wp-block-heading\">Predstavitev projekta &#8211; prva faza<\/h2>\n\n\n\n<p>Zavod Soteria vas z veseljem vabi k sodelovanju v nacionalnem projektu Mladi novinarji Slovenije, katerega namen je spodbujanje kakovostnega \u0161olskega novinarstva, razvoj medijske pismenosti ter krepitev odgovornega in kriti\u010dnega razmi\u0161ljanja med mladimi. Projekt je za \u0161ole v celoti brezpla\u010den.<\/p>\n\n\n\n<p>V \u010dasu trajanja projekta bodo imele osnovne in srednje \u0161ole mo\u017enost, da svoj \u0161olski \u010dasopis objavijo na spletni strani www.zavodsoteria.si v posebni rubriki Mladi novinarji Slovenije.<\/p>\n\n\n\n<p>Vsi \u010dasopisi bodo objavljeni pregledno, lo\u010deno po posameznih \u0161olah, ter bodo javno dostopni \u0161ir\u0161i slovenski javnosti.<\/p>\n\n\n\n<p>S tem \u017eelimo mladim avtorjem omogo\u010diti:<\/p>\n\n\n\n<ul class=\"wp-block-list\">\n<li>vidnost njihovega dela na nacionalni ravni,<\/li>\n\n\n\n<li>ob\u010dutek uredni\u0161ke odgovornosti,<\/li>\n\n\n\n<li>razvoj kakovostnega, eti\u010dnega in raziskovalnega pristopa k novinarstvu.<\/li>\n<\/ul>\n\n\n\n<p>Ob zaklju\u010dku prvega dela projekta, predvidoma ob koncu \u0161olskega leta 2026\/2027, bomo organizirali Kongres Mladih novinarjev Slovenije, kjer bo strokovna komisija izbrala zmagovalni \u0161olski \u010dasopis. Pravila izbire in oblika nagrade bodo objavljeni naknadno.<\/p>\n\n\n\n<p>Verjamemo, da \u0161olski \u010dasopis ni le publikacija, temve\u010d prostor, kjer se oblikujejo prihodnji misleci, ustvarjalci in odgovorni dr\u017eavljani.<\/p>\n\n\n\n<p>Veseli bomo va\u0161e vklju\u010ditve v projekt in sodelovanja pri soustvarjanju prostora, kjer bodo mladi glasovi sli\u0161ani po vsej Sloveniji. Za dodatne informacije in prijavo sodelovanja smo vam z veseljem na voljo, na telefonski \u0161tevilki 070 413 505, Jure \u017dnidari\u010d, ali na e-po\u0161tni naslov: <a href=\"mailto:jure@zavodsoteria.si\">jure@zavodsoteria.si<\/a><\/p>\n\n\n\n<hr class=\"wp-block-separator has-alpha-channel-opacity is-style-wide\"\/>\n\n\n\n<div class=\"wp-block-query is-layout-flow wp-block-query-is-layout-flow\"><\/div>\n\n\n\n<p><\/p>\n","protected":false},"excerpt":{"rendered":"<p>\u0160olsko novinarstvo je eden prvih prostorov, kjer mladi razvijajo sposobnost razmi\u0161ljanja, izra\u017eanja in odgovornega komuniciranja. Ne gre le za pisanje \u010dlankov, ustvarjanja avdio in video vsebin, temve\u010d za u\u010denje, kako prepoznati dejstva, oblikovati mnenje in razumeti svet okoli sebe. V \u010dasu hitrih informacij, dru\u017ebenih omre\u017eij in pogosto zavajajo\u010dih vsebin je [&hellip;]<\/p>\n","protected":false},"author":1,"featured_media":0,"parent":0,"menu_order":0,"comment_status":"closed","ping_status":"closed","template":"","meta":{"footnotes":""},"class_list":["post-91","page","type-page","status-publish","hentry"],"_links":{"self":[{"href":"https:\/\/zavodsoteria.si\/index.php\/wp-json\/wp\/v2\/pages\/91","targetHints":{"allow":["GET"]}}],"collection":[{"href":"https:\/\/zavodsoteria.si\/index.php\/wp-json\/wp\/v2\/pages"}],"about":[{"href":"https:\/\/zavodsoteria.si\/index.php\/wp-json\/wp\/v2\/types\/page"}],"author":[{"embeddable":true,"href":"https:\/\/zavodsoteria.si\/index.php\/wp-json\/wp\/v2\/users\/1"}],"replies":[{"embeddable":true,"href":"https:\/\/zavodsoteria.si\/index.php\/wp-json\/wp\/v2\/comments?post=91"}],"version-history":[{"count":8,"href":"https:\/\/zavodsoteria.si\/index.php\/wp-json\/wp\/v2\/pages\/91\/revisions"}],"predecessor-version":[{"id":130,"href":"https:\/\/zavodsoteria.si\/index.php\/wp-json\/wp\/v2\/pages\/91\/revisions\/130"}],"wp:attachment":[{"href":"https:\/\/zavodsoteria.si\/index.php\/wp-json\/wp\/v2\/media?parent=91"}],"curies":[{"name":"wp","href":"https:\/\/api.w.org\/{rel}","templated":true}]}}